{"id":104,"date":"2016-02-03T12:50:38","date_gmt":"2016-02-03T17:50:38","guid":{"rendered":"http:\/\/pyramide.excavationsallard.com\/?page_id=104"},"modified":"2016-03-24T11:41:00","modified_gmt":"2016-03-24T16:41:00","slug":"gestion-des-courriels","status":"publish","type":"page","link":"https:\/\/pyramide.excavationsallard.com\/?page_id=104","title":{"rendered":"Gestion des courriels"},"content":{"rendered":"<h1><span style=\"color: #26ad60;\">Gestion des courriels<\/span><\/h1>\n<hr \/>\n<p>Cette page fait sp\u00e9cialement r\u00e9f\u00e9rence \u00e0 l&#8217;adresse courriel principale, info@excavationsallard.com. Les autres adresses doivent \u00eatre personnellement g\u00e9r\u00e9e par leur usager de fa\u00e7on harmonieuse avec pyramide.\u00a0Toutes informations \u00e0 ne pas oublier\u00a0doivent \u00eatre <span style=\"text-decoration: underline;\">enregistr\u00e9es dans le journal.<\/span><br \/>\nTous les courriels re\u00e7us et envoy\u00e9s doivent \u00eatre <span style=\"text-decoration: underline;\">conserv\u00e9s en archives.<\/span><\/p>\n<p><strong>En provenance des clients<\/strong><br \/>\nDans la m\u00eame optique que la r\u00e9ception t\u00e9l\u00e9phonique ou en personne, il faut faire sentir au client qu&#8217;il est important pour nous. Tous les courriels en provenance de clients (existants ou potentiels) doivent \u00eatre r\u00e9pondu dans <span style=\"text-decoration: underline;\">les 24 heures<\/span>. Si la personne en charge n&#8217;a pas et n&#8217;aura probablement pas de r\u00e9ponse \u00e0 la demande dans les d\u00e9lais, il faut minimalement r\u00e9pondre que le courriel a \u00e9t\u00e9 re\u00e7u et que nous r\u00e9pondrons dans les d\u00e9lais les plus brefs.<\/p>\n<p>Selon le type de demande, le client devra fournir des plans ou documents divers. <a href=\"http:\/\/pyramide.excavationsallard.com\/?page_id=122\">Que dois-je demander?<\/a><\/p>\n<p><strong>En provenance de fournisseurs\/sous-traitants<\/strong><br \/>\nCette cat\u00e9gorie de courriel est plus diversifi\u00e9e. Les courriels peuvent concerner la personne en charge de la comptabilit\u00e9, l&#8217;un des responsables ou peuvent \u00eatre trait\u00e9s directement par le\/la r\u00e9ceptionniste. C&#8217;est au personnel administratif de s&#8217;entendre sur la gestion de ces courriels. Pour ce qui est des bons et factures re\u00e7us, voir la page sur les <a href=\"http:\/\/pyramide.excavationsallard.com\/?page_id=263\">bons &#038; factures<\/a>.<br \/>\nTout comme avec les clients, il est important d&#8217;entretenir des bonnes relations avec nos fournisseurs!<\/p>\n<p><strong>info@excavationsallard.com<\/strong><br \/>\nCette adresse englobe tout les courriels qui ne font pas partie de la comptabilit\u00e9. Dans le but de garder les choses simple pour nos contacts, il y a des exceptions; par exemple, on ne peut exiger \u00e0 un camionneur sous-traitant de nous envoyer ses bons de chargement \u00e0 &#8220;info&#8221;, mais d&#8217;envoyer ses factures \u00e0 &#8220;gestion&#8221;. Dans ce cas tout sera envoy\u00e9 \u00e0 &#8220;info&#8221; et nous allons nous-m\u00eame organiser les messages. Listes des types de communication \u00e0 effectuer avec l&#8217;adresse &#8220;info&#8221;:<\/p>\n<ul style=\"position: relative; top: -20px\">\n<li>Toutes communications avec les clients pr\u00e9c\u00e9dant l&#8217;\u00e9tape de la facturation<\/li>\n<li>Publicit\u00e9<\/li>\n<li>Communications avec les sous-traitants<\/li>\n<li>Demandes de permis et de plans<\/li>\n<li>Messages transmis \u00e0 partir du site web<\/li>\n<li>Communications avec les fournisseurs qui n&#8217;ont pas de liens avec la comptabilit\u00e9<\/li>\n<\/ul>\n<p><strong>gestion@excavationsallard.com<\/strong><br \/>\nListes des types de communication \u00e0 effectuer avec l&#8217;adresse &#8220;gestio&#8221;:<\/p>\n<ul style=\"position: relative; top: -20px\">\n<li>Toutes communications avec les client \u00e0 partir de l&#8217;\u00e9tape de facturation<\/li>\n<li>\u00c9changes avec les fournisseurs qui touchent la comptabilit\u00e9<\/li>\n<li>Contrats de location<\/li>\n<li>Gouvernement Qu\u00e9dec<\/li>\n<li>Gouvernement Canada<\/li>\n<li>NECSST<\/li>\n<li>CCQ<\/li>\n<li>APCHQ<\/li>\n<li>Assurance<\/li>\n<li>Banques et caisse populaire<\/li>\n<li>Comptable BMB<\/li>\n<\/ul>\n","protected":false},"excerpt":{"rendered":"<p>Gestion des courriels Cette page fait sp\u00e9cialement r\u00e9f\u00e9rence \u00e0 l&#8217;adresse courriel principale, info@excavationsallard.com. Les autres adresses doivent \u00eatre personnellement g\u00e9r\u00e9e par leur usager de fa\u00e7on harmonieuse avec pyramide.\u00a0Toutes informations \u00e0 ne pas oublier\u00a0doivent \u00eatre enregistr\u00e9es dans le journal. Tous les courriels re\u00e7us et envoy\u00e9s doivent \u00eatre conserv\u00e9s en archives. En provenance des clients Dans la [&hellip;]<\/p>\n","protected":false},"author":1,"featured_media":0,"parent":46,"menu_order":40,"comment_status":"closed","ping_status":"closed","template":"","meta":{"footnotes":""},"class_list":["post-104","page","type-page","status-publish","hentry"],"_links":{"self":[{"href":"https:\/\/pyramide.excavationsallard.com\/index.php?rest_route=\/wp\/v2\/pages\/104","targetHints":{"allow":["GET"]}}],"collection":[{"href":"https:\/\/pyramide.excavationsallard.com\/index.php?rest_route=\/wp\/v2\/pages"}],"about":[{"href":"https:\/\/pyramide.excavationsallard.com\/index.php?rest_route=\/wp\/v2\/types\/page"}],"author":[{"embeddable":true,"href":"https:\/\/pyramide.excavationsallard.com\/index.php?rest_route=\/wp\/v2\/users\/1"}],"replies":[{"embeddable":true,"href":"https:\/\/pyramide.excavationsallard.com\/index.php?rest_route=%2Fwp%2Fv2%2Fcomments&post=104"}],"version-history":[{"count":13,"href":"https:\/\/pyramide.excavationsallard.com\/index.php?rest_route=\/wp\/v2\/pages\/104\/revisions"}],"predecessor-version":[{"id":364,"href":"https:\/\/pyramide.excavationsallard.com\/index.php?rest_route=\/wp\/v2\/pages\/104\/revisions\/364"}],"up":[{"embeddable":true,"href":"https:\/\/pyramide.excavationsallard.com\/index.php?rest_route=\/wp\/v2\/pages\/46"}],"wp:attachment":[{"href":"https:\/\/pyramide.excavationsallard.com\/index.php?rest_route=%2Fwp%2Fv2%2Fmedia&parent=104"}],"curies":[{"name":"wp","href":"https:\/\/api.w.org\/{rel}","templated":true}]}}