{"id":217,"date":"2016-02-10T18:10:01","date_gmt":"2016-02-10T23:10:01","guid":{"rendered":"http:\/\/pyramide.excavationsallard.com\/?page_id=217"},"modified":"2016-02-10T18:38:01","modified_gmt":"2016-02-10T23:38:01","slug":"transmission-des-documents","status":"publish","type":"page","link":"https:\/\/pyramide.excavationsallard.com\/?page_id=217","title":{"rendered":"Transmission des documents"},"content":{"rendered":"<h1><span style=\"color: #26ad60;\">Transmission des documents<\/span><\/h1>\n<hr class=\"myhr\" \/>\n<p>Toutes transmission de documents doivent \u00eatre mentionn\u00e9es dans le journal. S&#8217;il y a lieu, les indicateurs de progression dans Gestio doivent \u00eatre mis \u00e0 jour. Un suivi syst\u00e9matique doit \u00eatre d\u00e9marr\u00e9 pour chaque document envoy\u00e9. <a href=\"http:\/\/pyramide.excavationsallard.com\/?page_id=223\">D\u00e9tail du suivi ici<\/a>.<\/p>\n<p><strong>Transmission par courriel<\/strong><br \/>\nSi le courriel est envoy\u00e9 depuis info@excavationsallard.com, inscrire dans le sujet du message le type de document ainsi que le titre de la soumission. Ex.: &#8220;Soumission Nouvelle installation sanitaire&#8221;.<\/p>\n<p>Si le courriel est envoy\u00e9 depuis une adresse autre que info@excavationsallard.com, ajouter dans le sujet &#8220;Excavation S. Allard&#8221;. Ex.: &#8220;Excavation S. Allard &#8211; Soumission Installation sanitaire&#8221;.<\/p>\n<p>Si la soumission \u00e0 envoyer contient plus d&#8217;un titre, inscrire tous les titres en les s\u00e9parant d&#8217;une virgule. Ex.: &#8220;Soumission Excavation pour nouvelle r\u00e9sidence, Excavation pour garage d\u00e9tach\u00e9&#8221;.<\/p>\n<p>Si plusieurs types de fichiers sont envoy\u00e9s dans un seul message, ne pas mettre les titres, mais seulement les types de documents s\u00e9par\u00e9s par une virgule. Ex.: &#8220;Soumission, Liste de prix, Lettre de garantie&#8221;.<\/p>\n<p>N&#8217;envoyer des fichiers qu&#8217;au format PDF.<\/p>\n<p><strong>Transmission par la poste<\/strong><br \/>\nN&#8217;utiliser que des enveloppes contenant le logo et le nom de la compagnie.<br \/>\nSi l&#8217;adresse postale est sp\u00e9cifi\u00e9e sur l&#8217;un des documents, s&#8217;assurer d&#8217;un enlignement parfait avec la fen\u00eatre de l&#8217;enveloppe.<br \/>\nImprimer les documents en couleur (s&#8217;il y a lieu), avec un niveau de qualit\u00e9 \u00e9lev\u00e9.<\/p>\n","protected":false},"excerpt":{"rendered":"<p>Transmission des documents Toutes transmission de documents doivent \u00eatre mentionn\u00e9es dans le journal. S&#8217;il y a lieu, les indicateurs de progression dans Gestio doivent \u00eatre mis \u00e0 jour. Un suivi syst\u00e9matique doit \u00eatre d\u00e9marr\u00e9 pour chaque document envoy\u00e9. D\u00e9tail du suivi ici. Transmission par courriel Si le courriel est envoy\u00e9 depuis info@excavationsallard.com, inscrire dans le [&hellip;]<\/p>\n","protected":false},"author":1,"featured_media":0,"parent":48,"menu_order":20,"comment_status":"closed","ping_status":"closed","template":"","meta":{"footnotes":""},"class_list":["post-217","page","type-page","status-publish","hentry"],"_links":{"self":[{"href":"https:\/\/pyramide.excavationsallard.com\/index.php?rest_route=\/wp\/v2\/pages\/217","targetHints":{"allow":["GET"]}}],"collection":[{"href":"https:\/\/pyramide.excavationsallard.com\/index.php?rest_route=\/wp\/v2\/pages"}],"about":[{"href":"https:\/\/pyramide.excavationsallard.com\/index.php?rest_route=\/wp\/v2\/types\/page"}],"author":[{"embeddable":true,"href":"https:\/\/pyramide.excavationsallard.com\/index.php?rest_route=\/wp\/v2\/users\/1"}],"replies":[{"embeddable":true,"href":"https:\/\/pyramide.excavationsallard.com\/index.php?rest_route=%2Fwp%2Fv2%2Fcomments&post=217"}],"version-history":[{"count":5,"href":"https:\/\/pyramide.excavationsallard.com\/index.php?rest_route=\/wp\/v2\/pages\/217\/revisions"}],"predecessor-version":[{"id":225,"href":"https:\/\/pyramide.excavationsallard.com\/index.php?rest_route=\/wp\/v2\/pages\/217\/revisions\/225"}],"up":[{"embeddable":true,"href":"https:\/\/pyramide.excavationsallard.com\/index.php?rest_route=\/wp\/v2\/pages\/48"}],"wp:attachment":[{"href":"https:\/\/pyramide.excavationsallard.com\/index.php?rest_route=%2Fwp%2Fv2%2Fmedia&parent=217"}],"curies":[{"name":"wp","href":"https:\/\/api.w.org\/{rel}","templated":true}]}}